{"id":52186,"date":"2022-02-17T12:46:36","date_gmt":"2022-02-17T15:46:36","guid":{"rendered":"https:\/\/aboms.org.br\/portal\/?page_id=52186"},"modified":"2022-02-26T08:38:15","modified_gmt":"2022-02-26T11:38:15","slug":"especializacao-em-periodontia","status":"publish","type":"page","link":"https:\/\/aboms.org.br\/portal\/especializacao-em-periodontia\/","title":{"rendered":"Especializa\u00e7\u00e3o em Periodontia"},"content":{"rendered":"<div class=\"brz-root__container brz-reset-all\">\n<section data-uid=\"rartihvszjppgkysbgwdqglmnqiikweeshut\" id=\"rartihvszjppgkysbgwdqglmnqiikweeshut\" class=\"brz-section brz-css-tuvbp\">\n<div class=\"brz-section__content brz-section--fullWidth brz-css-voqaa brz-css-fuaeo\" data-custom-id=\"dwvuarrtndxssyhjueqgbdhyuevwlqlzrjic\">\n<div class=\"brz-bg\">\n<div class=\"brz-bg-image\"><\/div>\n<div class=\"brz-bg-color\"><\/div>\n<\/div>\n<div class=\"brz-container brz-css-ztgro brz-css-gagor\">\n<div class=\"brz-row__container brz-css-bscss\" data-custom-id=\"wgqxjdbmfpejoovqerspgkavcgyqhxihoiwn\">\n<div class=\"brz-row brz-css-bbbux brz-css-odxfi\">\n<div class=\"brz-columns brz-css-jnrpk brz-css-xybts\" data-custom-id=\"gzgktjguoumunuffrvbmvdldwofpvhgodbqs\">\n<div class=\"brz-bg\">\n<div class=\"brz-bg-color\"><\/div>\n<\/div>\n<div class=\"brz-column__items brz-css-pdvde brz-css-skpvz\">\n<div class=\"brz-css-sgkbh brz-css-jxvlv brz-css-eowot brz-wrapper\">\n<div class=\"brz-spacer brz-css-peqgh brz-css-derjj\"><\/div>\n<\/div>\n<div class=\"brz-css-sgkbh brz-css-lrgel brz-wrapper\">\n<div class=\"brz-rich-text brz-css-ulzgx\" data-custom-id=\"jrjrswncuxqokcbcznixgbxmsfjbdfivdhht\">\n<div>\n<h2 class=\"brz-css-syqmc\"><span class=\"brz-cp-color8\">Conclua a sua p\u00f3s gradua\u00e7\u00e3o em 18 meses!<\/span><\/h2>\n<\/div>\n<\/div>\n<\/div>\n<div class=\"brz-css-sgkbh brz-css-jxvlv brz-css-kpyvk brz-wrapper\">\n<div class=\"brz-spacer brz-css-peqgh brz-css-mfmzk\"><\/div>\n<\/div>\n<div class=\"brz-css-sgkbh brz-css-yrnkt brz-wrapper\">\n<div class=\"brz-rich-text brz-css-ulzgx\" data-custom-id=\"xebulrzrxpptvuxquuzwzycjeuikssbgpcgu\">\n<div>\n<p class=\"brz-css-waigj\"><span class=\"brz-cp-color8\">Certifica\u00e7\u00e3o Lato Sensu Reconhecida MEC &amp; CFO <\/span><\/p>\n<\/div>\n<\/div>\n<\/div>\n<\/div>\n<\/div>\n<div class=\"brz-columns brz-css-jnrpk brz-css-bwzlj\" data-custom-id=\"upxwbkitjyutavhqvyztwyliinxbwompgueb\">\n<div class=\"brz-bg\">\n<div class=\"brz-bg-color\"><\/div>\n<\/div>\n<div class=\"brz-column__items brz-css-pdvde brz-css-skydz\">\n<div class=\"brz-css-sgkbh brz-css-jxvlv brz-css-pdmtp brz-wrapper\">\n<div class=\"brz-spacer brz-css-peqgh brz-css-iqrwy\"><\/div>\n<\/div>\n<div class=\"brz-css-sgkbh brz-css-oyieo brz-wrapper\">\n<div class=\"brz-rich-text brz-css-ulzgx\" data-custom-id=\"vktezifgcukdhqomubcvyczhdizgekiquhyz\">\n<div>\n<p class=\"brz-css-ansxp\"><span class=\"brz-cp-color6\">N\u00c3O PERCA ESTA OPORTUNIDADE<\/span><\/p>\n<\/div>\n<\/div>\n<\/div>\n<div class=\"brz-css-sgkbh brz-css-zzzbh brz-wrapper\">\n<div class=\"brz-rich-text brz-css-ulzgx\" data-custom-id=\"dgdfaihcyhkywjnkmpgzgaxdldwvikvcihml\">\n<div>\n<h4 class=\"brz-css-ojilo\"><span class=\"brz-cp-color8\">Inscreva-se Agora!<\/span><\/h4>\n<\/div>\n<\/div>\n<\/div>\n<div class=\"brz-css-sgkbh brz-css-jxvlv brz-css-hpdru brz-wrapper\">\n<div class=\"brz-spacer brz-css-peqgh brz-css-pxkni\"><\/div>\n<\/div>\n<div class=\"brz-css-sgkbh brz-wrapper\">\n<div data-form-version=\"2\" class=\"brz-forms2 brz-css-bfeww brz-css-wtxin\" data-custom-id=\"fgxatyvvnkcqwosfzcnkyebzrwfohtfrxlzm\">\n<div class=\"brz-forms2__item brz-css-tbbhj brz-css-vmldo brz-css-ploaf\"><\/div>\n<div class=\"brz-forms2__item brz-css-tbbhj brz-css-vmldo brz-css-ploaf\"><\/div>\n<div class=\"brz-forms2__item brz-css-tbbhj brz-css-vmldo brz-css-ploaf\"><\/div>\n<div class=\"brz-forms2 brz-forms2__item brz-forms2__item-button\"><button class=\"brz-btn brz-btn-submit brz-css-hbcog brz-css-ivcqh\" data-custom-id=\"nubrbhegxdajyqiwpatwoljnhuxyhyehsgko\"> <span class=\"brz-span brz-text__editor\">Comece a Sua P\u00f3s<\/span><\/button>    !function(){function t(t){this.element=t,this.animationId,this.start=null,this.init()}if(!window.requestAnimationFrame){var i=null;window.requestAnimationFrame=function(t,n){var e=(new Date).getTime();i||(i=e);var a=Math.max(0,16-(e-i)),o=window.setTimeout(function(){t(e+a)},a);return i=e+a,o}}t.prototype.init=function(){var t=this;this.animationId=window.requestAnimationFrame(t.triggerAnimation.bind(t))},t.prototype.reset=function(){var t=this;window.cancelAnimationFrame(t.animationId)},t.prototype.triggerAnimation=function(t){var i=this;this.start||(this.start=t);var n=t-this.start;504&gt;n||(this.start=this.start+504),this.element.setAttribute(&#8220;transform&#8221;,&#8221;rotate(&#8220;+Math.min(n\/1.4,360)+&#8221; 12 12)&#8221;);if(document.documentElement.contains(this.element))window.requestAnimationFrame(i.triggerAnimation.bind(i))};var n=document.getElementsByClassName(&#8220;nc-loop_circle-02-24&#8221;),e=[];if(n)for(var a=0;n.length&gt;a;a++)!function(i){e.push(new t(n[i]))}(a);document.addEventListener(&#8220;visibilitychange&#8221;,function(){&#8220;hidden&#8221;==document.visibilityState?e.forEach(function(t){t.reset()}):e.forEach(function(t){t.init()})})}();<\/div>\n<\/div>\n<\/div>\n<div class=\"brz-css-sgkbh brz-css-jxvlv brz-css-joqeh brz-wrapper\">\n<div class=\"brz-spacer brz-css-peqgh brz-css-nkjak\"><\/div>\n<\/div>\n<div class=\"brz-css-sgkbh brz-css-jhbvr brz-wrapper\">\n<div class=\"brz-rich-text brz-css-ulzgx\" data-custom-id=\"gkcjoqarrekqamgytczvcqwvtrdytwlrtmiu\">\n<div>\n<p class=\"brz-css-ostjs\"><span class=\"brz-cp-color6\">* N\u00e3o compartilhamos suas informa\u00e7\u00f5es pessoais com ningu\u00e9m. Confira nossa Pol\u00edtica de Privacidade para mais informa\u00e7\u00f5es.<\/span><\/p>\n<p class=\"brz-css-jboic\"><\/p>\n<\/div>\n<\/div>\n<\/div>\n<div class=\"brz-css-sgkbh brz-css-jxvlv brz-css-vqshs brz-wrapper\">\n<div class=\"brz-spacer brz-css-peqgh brz-css-zaprp\"><\/div>\n<\/div>\n<\/div>\n<\/div>\n<\/div>\n<\/div>\n<\/div>\n<\/div>\n<\/section>\n<section data-uid=\"qllflqpvtkpmqloywptvbblvdhpcgcwosylu\" id=\"qllflqpvtkpmqloywptvbblvdhpcgcwosylu\" class=\"brz-section brz-css-tuvbp\">\n<div class=\"brz-section__content brz-section--boxed brz-css-voqaa brz-css-jwrsz\" data-custom-id=\"pcdotxugfsstrjdqdxrovbjujevqcybzaqbx\">\n<div class=\"brz-container brz-css-ztgro\">\n<div class=\"brz-css-sgkbh brz-css-odoqz brz-wrapper\">\n<div class=\"brz-rich-text brz-css-ulzgx\" data-custom-id=\"jqwyaapgxuoercmmepmhdahhlstuqbuoqatx\">\n<div>\n<h2 class=\"brz-css-bdysi\"><span class=\"brz-cp-color2\">A Sua Primeira P\u00f3s Gradua\u00e7\u00e3o<\/span><\/h2>\n<\/div>\n<\/div>\n<\/div>\n<div class=\"brz-css-sgkbh brz-css-oaibp brz-wrapper\">\n<div class=\"brz-rich-text brz-css-ulzgx\" data-custom-id=\"gimsnvuwmzkroyiwkalfmqbonvlszhpwskhj\">\n<div>\n<p class=\"brz-css-rldhn\"><span>O\u00a0<\/span><strong>curso de especializa\u00e7\u00e3o em Periodontia<\/strong><span>\u00a0visa a transmiss\u00e3o de conhecimentos atualizados e com embasamento cient\u00edfico, a fim de desenvolver no aluno habilidades espec\u00edficas para o diagn\u00f3stico, planejamento e tratamento de diversas situa\u00e7\u00f5es cl\u00ednicas.<\/span><\/p>\n<\/div>\n<\/div>\n<\/div>\n<div class=\"brz-row__container brz-css-bscss\" data-custom-id=\"tgkiygbdrmpspbgiyjyliaculkqcwxukieof\">\n<div class=\"brz-row brz-css-bbbux brz-css-odxfi\">\n<div class=\"brz-columns brz-css-jnrpk brz-css-zbjyh\" data-custom-id=\"zwahcnjswmqfowovsivnrpssvxfhknozguyh\">\n<div class=\"brz-column__items brz-css-pdvde brz-css-zahnz\">\n<div class=\"brz-wrapper-clone brz-css-gwkkj\">\n<div class=\"brz-d-xs-flex brz-flex-xs-wrap brz-css-mqrkj\">\n<div class=\"brz-wrapper-clone__item brz-css-tbnxg\" id=\"zyprmemlgkplyjizjjxbguxflkjlcfamdjwi\">\n<div id class=\"brz-icon__container\" data-custom-id=\"zyprmemlgkplyjizjjxbguxflkjlcfamdjwi\"><span class=\"brz-span brz-icon css-51s81q\">      <\/span><\/div>\n<\/div>\n<\/div>\n<\/div>\n<div class=\"brz-css-sgkbh brz-css-covdc brz-wrapper\">\n<div class=\"brz-rich-text brz-css-ulzgx\" data-custom-id=\"tyhriuvydedinmmtvbjuflojwyhdftlzlukp\">\n<div>\n<h5 class=\"brz-css-ohysc\"><span class=\"brz-cp-color2\">DATA DE IN\u00cdCIO<\/span><\/h5>\n<\/div>\n<\/div>\n<\/div>\n<div class=\"brz-css-sgkbh brz-wrapper\">\n<div class=\"brz-rich-text brz-css-ulzgx\" data-custom-id=\"vumeisprvtbxvalkzbmrtwuvcbimlouwsqmx\">\n<div>\n<p class=\"brz-css-uzhsj\"><span class=\"brz-cp-color7\">Abril de 2022<\/span><\/p>\n<\/div>\n<\/div>\n<\/div>\n<\/div>\n<\/div>\n<div class=\"brz-columns brz-css-jnrpk brz-css-dkxdz\" data-custom-id=\"rpyrvsjsonyfdcilfokwliybaqstvwitbfdh\">\n<div class=\"brz-column__items brz-css-pdvde brz-css-evwmt\">\n<div class=\"brz-wrapper-clone brz-css-gwkkj\">\n<div class=\"brz-d-xs-flex brz-flex-xs-wrap brz-css-mqrkj\">\n<div class=\"brz-wrapper-clone__item brz-css-tbnxg\" id=\"gwpaspmjvblnqkzcafrtxnyzqwaifgyoceld\">\n<div id class=\"brz-icon__container\" data-custom-id=\"gwpaspmjvblnqkzcafrtxnyzqwaifgyoceld\"><span class=\"brz-span brz-icon css-51s81q\">    <\/span><\/div>\n<\/div>\n<\/div>\n<\/div>\n<div class=\"brz-css-sgkbh brz-css-hnynm brz-wrapper\">\n<div class=\"brz-rich-text brz-css-ulzgx\" data-custom-id=\"dvtehjvhfdxkihwyyqkfxjumqcrbfqneeqjb\">\n<div>\n<h5 class=\"brz-css-vpheh\"><span class=\"brz-cp-color2\">INVESTIMENTO<\/span><\/h5>\n<\/div>\n<\/div>\n<\/div>\n<div class=\"brz-css-sgkbh brz-wrapper\">\n<div class=\"brz-rich-text brz-css-ulzgx\" data-custom-id=\"jxaovpjnxkzpowczghthvmwfftmdfdbwchvn\">\n<div>\n<p class=\"brz-css-ihxpt\"><span class=\"brz-cp-color7\">18 Parcelas de R$ 1.300,00 ou<\/span><\/p>\n<p class=\"brz-css-aocuy\"><span class=\"brz-cp-color7\">24 Parcelas de R$ 1.000,00 <\/span><\/p>\n<\/div>\n<\/div>\n<\/div>\n<\/div>\n<\/div>\n<div class=\"brz-columns brz-css-jnrpk brz-css-luobg\" data-custom-id=\"cnnytlqjomtklbwjfwqjykmfkwkoybjhmpey\">\n<div class=\"brz-column__items brz-css-pdvde brz-css-ocnyn\">\n<div class=\"brz-wrapper-clone brz-css-gwkkj\">\n<div class=\"brz-d-xs-flex brz-flex-xs-wrap brz-css-mqrkj\">\n<div class=\"brz-wrapper-clone__item brz-css-tbnxg\" id=\"wzieigwtzbbehiwosnmzvaslmmlfrqwsvtsn\">\n<div id class=\"brz-icon__container\" data-custom-id=\"wzieigwtzbbehiwosnmzvaslmmlfrqwsvtsn\"><span class=\"brz-span brz-icon css-51s81q\">  <\/span><\/div>\n<\/div>\n<\/div>\n<\/div>\n<div class=\"brz-css-sgkbh brz-css-uxotw brz-wrapper\">\n<div class=\"brz-rich-text brz-css-ulzgx\" data-custom-id=\"hpeamrzctnkovcipyztsnpicrbhoqmcizzro\">\n<div>\n<h5 class=\"brz-css-esszb\"><span class=\"brz-cp-color2\">DURA\u00c7\u00c3O DO CURSO<\/span><\/h5>\n<\/div>\n<\/div>\n<\/div>\n<div class=\"brz-css-sgkbh brz-wrapper\">\n<div class=\"brz-rich-text brz-css-ulzgx\" data-custom-id=\"jbpwqddinnliggxjvmlxprughgiexxksvhzp\">\n<div>\n<p class=\"brz-css-ffszm\"><span class=\"brz-cp-color7\">18 Meses<\/span><\/p>\n<p class=\"brz-css-hftna\"><span class=\"brz-cp-color7\">Aulas Quarta\/Quinta\/Sexta <\/span><\/p>\n<\/div>\n<\/div>\n<\/div>\n<\/div>\n<\/div>\n<\/div>\n<\/div>\n<\/div>\n<\/div>\n<\/section>\n<section data-uid=\"qkhkokzxfretcpylljimcgfknjamloxnkjfn\" id=\"qkhkokzxfretcpylljimcgfknjamloxnkjfn\" class=\"brz-section brz-css-tuvbp\">\n<div class=\"brz-section__content brz-section--boxed brz-css-voqaa brz-css-tiams\" data-custom-id=\"blksixntecdoivofqatfzlsfqpzxwogpjwtt\">\n<div class=\"brz-bg\">\n<div class=\"brz-bg-color\"><\/div>\n<\/div>\n<div class=\"brz-container brz-css-ztgro\">\n<div class=\"brz-row__container brz-css-bscss\" data-custom-id=\"bpbaakhkdwvfhwcxtxiduddikwxlylhtioek\">\n<div class=\"brz-row brz-css-bbbux brz-css-odxfi\">\n<div class=\"brz-columns brz-css-jnrpk brz-css-xiqsq\" data-custom-id=\"jtiuwiffphxocjcamwtktjgoinjrclifempq\">\n<div class=\"brz-column__items brz-css-pdvde brz-css-avwgu\">\n<div class=\"brz-css-sgkbh brz-wrapper\">\n<div class=\"brz-rich-text brz-css-ulzgx\" data-custom-id=\"ershwrodnpktqzbftpyxwxjyyzhalkhosuml\">\n<div>\n<h2 class=\"brz-css-hignr\"><span class=\"brz-cp-color8\">Corpo<\/span><\/h2>\n<h2 class=\"brz-css-zepqg\"><span class=\"brz-cp-color1\">Docente <\/span><\/h2>\n<\/div>\n<\/div>\n<\/div>\n<\/div>\n<\/div>\n<div class=\"brz-columns brz-css-jnrpk brz-css-eynxl\" data-custom-id=\"vdfvuhmheelzivekmetgszhzrfykehsscgml\">\n<div class=\"brz-column__items brz-css-pdvde brz-css-ptert\">\n<div class=\"brz-css-sgkbh brz-wrapper\">\n<div class=\"brz-carousel css-ggwkff\" data-custom-id=\"xtsiedvhivvxiseigsrklnuwrmfwcnlvmnot\">\n<div class=\"brz-carousel__slider\" data-slides-to-show=\"3\" data-slides-to-scroll=\"1\" data-arrows=\"true\" data-dots=\"false\" data-dots-class=\"brz-slick-slider__dots brz-slick-slider__dots--none\" data-auto-play=\"false\" data-auto-play-speed=\"3000\" data-swipe=\"true\" data-responsive=\"%5B%7B%22breakpoint%22%3A991%2C%22settings%22%3A%7B%22slidesToShow%22%3A2%2C%22slidesToScroll%22%3A1%7D%7D%2C%7B%22breakpoint%22%3A767%2C%22settings%22%3A%7B%22slidesToShow%22%3A1%2C%22slidesToScroll%22%3A1%7D%7D%5D\">\n<div class=\"brz-carousel__item\">\n<div class=\"brz-columns brz-css-jnrpk brz-css-qlpke\" data-custom-id=\"zogzpusyoygbdphslppoimayjciaiqalgnpv\">\n<div class=\"brz-column__items brz-css-pdvde\">\n<div class=\"brz-css-sgkbh brz-wrapper\">\n<div class=\"brz-image brz-css-gykxa brz-css-hcpdr\"><img decoding=\"async\" class=\"brz-img\" src=\"https:\/\/aboms.org.br\/portal\/wp-content\/uploads\/brizy\/imgs\/Eduardo-Marcon-253x371x4x0x244x371x1645113571.jpeg\" alt=\"\" loading=\"lazy\" \/><\/div>\n<\/div>\n<div class=\"brz-css-sgkbh brz-css-gnbhf brz-wrapper\">\n<div class=\"brz-rich-text brz-css-ulzgx\" data-custom-id=\"bswiagxrwdwtaydjswwlmeufcluobcespacc\">\n<div>\n<h6 class=\"brz-css-nmwoo\"><span class=\"brz-cp-color8\">Prof. Me. Eduardo M. Marcon<\/span><\/h6>\n<\/div>\n<\/div>\n<\/div>\n<div class=\"brz-css-sgkbh brz-css-kxbtb brz-wrapper\">\n<div class=\"brz-rich-text brz-css-ulzgx\" data-custom-id=\"deimlrhfhyelxdhnylzpgdlxccdfzozjfwyp\">\n<div>\n<p class=\"brz-css-fbeiz\"><span class=\"brz-cp-color6\">Coordenador<\/span><\/p>\n<\/div>\n<\/div>\n<\/div>\n<\/div>\n<\/div>\n<\/div>\n<div class=\"brz-carousel__item\">\n<div class=\"brz-columns brz-css-jnrpk brz-css-qlpke\" data-custom-id=\"cgyzglgenrschizegoqklrhkbrhwkeujanky\">\n<div class=\"brz-column__items brz-css-pdvde\">\n<div class=\"brz-css-sgkbh brz-wrapper\">\n<div class=\"brz-image brz-css-gvyzs brz-css-rxjfi\"><img decoding=\"async\" class=\"brz-img\" src=\"https:\/\/aboms.org.br\/portal\/wp-content\/uploads\/brizy\/imgs\/Achilles-Parma-Neto-244x392x0x10x244x371x1645113663.jpeg\" alt=\"\" loading=\"lazy\" \/><\/div>\n<\/div>\n<div class=\"brz-css-sgkbh brz-css-hwhcl brz-wrapper\">\n<div class=\"brz-rich-text brz-css-ulzgx\" data-custom-id=\"wqjvidbwqajpojgcalkbqwdoivqeiokiekuk\">\n<div>\n<h6 class=\"brz-css-cjvil\"><span class=\"brz-cp-color8\">Prof. Me. Achilles Parma Neto<\/span><\/h6>\n<\/div>\n<\/div>\n<\/div>\n<div class=\"brz-css-sgkbh brz-css-afpbs brz-wrapper\">\n<div class=\"brz-rich-text brz-css-ulzgx\" data-custom-id=\"zjobubiwdxdotcewthpcpijhiquyviscdndt\">\n<div>\n<p class=\"brz-css-yvmsd\"><span class=\"brz-cp-color6\">Membro da Equipe<\/span><\/p>\n<\/div>\n<\/div>\n<\/div>\n<\/div>\n<\/div>\n<\/div>\n<div class=\"brz-carousel__item\">\n<div class=\"brz-columns brz-css-jnrpk brz-css-qlpke\" data-custom-id=\"cuydvhrauhxptupuwkkesdzogiymakjazmbw\">\n<div class=\"brz-column__items brz-css-pdvde\">\n<div class=\"brz-css-sgkbh brz-wrapper\">\n<div class=\"brz-image brz-css-fbbhi brz-css-aneyr\"><img decoding=\"async\" class=\"brz-img\" src=\"https:\/\/aboms.org.br\/portal\/wp-content\/uploads\/brizy\/imgs\/Eduardo-Fialho-253x371x4x0x244x371x1645113740.jpeg\" alt=\"\" loading=\"lazy\" \/><\/div>\n<\/div>\n<div class=\"brz-css-sgkbh brz-css-kbmvi brz-wrapper\">\n<div class=\"brz-rich-text brz-css-ulzgx\" data-custom-id=\"kkqecckkylmvvqzomvtnohglzjsocgabxivw\">\n<div>\n<h6 class=\"brz-css-rdnky\"><span class=\"brz-cp-color8\">Prof. Dr. Eduardo Fialho<\/span><\/h6>\n<\/div>\n<\/div>\n<\/div>\n<div class=\"brz-css-sgkbh brz-css-xroea brz-wrapper\">\n<div class=\"brz-rich-text brz-css-ulzgx\" data-custom-id=\"ghwcezaomesjqdlunzsjooammyzvoazjaayu\">\n<div>\n<p class=\"brz-css-vbyjf\"><span class=\"brz-cp-color6\">Membro da Equipe<\/span><\/p>\n<\/div>\n<\/div>\n<\/div>\n<\/div>\n<\/div>\n<\/div>\n<p><title>tail<\/title>\n<\/div>\n<\/div>\n<\/div>\n<\/div>\n<\/div>\n<\/div>\n<\/div>\n<\/div>\n<\/div>\n<\/section>\n<section data-uid=\"ndctqgqmuuojexlxkcsqdtbrorjyaoalhdzz\" id=\"ndctqgqmuuojexlxkcsqdtbrorjyaoalhdzz\" class=\"brz-section brz-css-tuvbp\">\n<div class=\"brz-section__content brz-section--boxed brz-css-voqaa brz-css-cidrt\" data-custom-id=\"kjqsttobtrlzydvbevouchmtbhtsnexhksvr\">\n<div class=\"brz-bg\">\n<div class=\"brz-bg-color\"><\/div>\n<\/div>\n<div class=\"brz-container brz-css-ztgro brz-css-vwcoy\">\n<div class=\"brz-row__container brz-css-bscss\" data-custom-id=\"zjstfxhozlhuwzmuaxvbqvmkiylmqrruivmh\">\n<div class=\"brz-row brz-css-bbbux brz-css-odxfi\">\n<div class=\"brz-columns brz-css-jnrpk brz-css-avhal\" data-custom-id=\"ykglehedrqxruzkabctryeewcuiyoqystmmk\">\n<div class=\"brz-column__items brz-css-pdvde brz-css-zxuox\">\n<div class=\"brz-css-sgkbh brz-wrapper\">\n<div class=\"brz-rich-text brz-css-ulzgx\" data-custom-id=\"ahvjhcqyrjmhwznhpnaphcpejqcsdnqqhnuy\">\n<div>\n<p class=\"brz-css-mlpdh\"><span class=\"brz-cp-color8\">MAIS EXPERI\u00caNCIA<\/span><\/p>\n<\/div>\n<\/div>\n<\/div>\n<div class=\"brz-css-sgkbh brz-wrapper\">\n<div class=\"brz-rich-text brz-css-ulzgx\" data-custom-id=\"nrmfgqohailwsmkbomzznuycxbcibofdfuny\">\n<div>\n<h2 class=\"brz-css-zrjad\"><span class=\"brz-cp-color8\">Professores <\/span><span class=\"brz-cp-color1\">Convidados <\/span><\/h2>\n<h2 class=\"brz-css-zrfcy\"><span class=\"brz-cp-color8\">de Alto N\u00edvel<\/span><\/h2>\n<\/div>\n<\/div>\n<\/div>\n<\/div>\n<\/div>\n<div class=\"brz-columns brz-css-jnrpk brz-css-earsw\" data-custom-id=\"ssxvlqbqshlkmsvwmfuhvzkwkbsjlwofvtym\">\n<div class=\"brz-column__items brz-css-pdvde brz-css-xypee\">\n<div class=\"brz-wrapper-clone brz-css-gwkkj\">\n<div class=\"brz-d-xs-flex brz-flex-xs-wrap brz-css-mqrkj\">\n<div class=\"brz-wrapper-clone__item brz-css-tbnxg\" id=\"vrxhjqhspupsmibwgloxqxpbgjcjyftguuxd\">\n<div id class=\"brz-icon__container\" data-custom-id=\"vrxhjqhspupsmibwgloxqxpbgjcjyftguuxd\"><span class=\"brz-span brz-icon css-1ldktrt\"><\/span><\/div>\n<\/div>\n<\/div>\n<\/div>\n<\/div>\n<\/div>\n<\/div>\n<\/div>\n<\/div>\n<\/div>\n<\/section>\n<section data-uid=\"myxgjxwtdvilsayetqdkensrgpmocoajyimq\" id=\"myxgjxwtdvilsayetqdkensrgpmocoajyimq\" class=\"brz-section brz-css-tuvbp\">\n<div class=\"brz-section__content brz-section--boxed brz-css-voqaa\" data-custom-id=\"kjwfrzjqvsgppzdrvcubxzrpxxvhlcpxlpmg\">\n<div class=\"brz-container brz-css-ztgro\">\n<div class=\"brz-row__container brz-css-bscss\" data-custom-id=\"jkaqwvzlvlgastlggcbcpainuldlrneukbwl\">\n<div class=\"brz-row brz-css-bbbux brz-css-odxfi\">\n<div class=\"brz-columns brz-css-jnrpk brz-css-wwbuf\" data-custom-id=\"evqnuwkntftdpeenovvguykelibganzmfbsg\">\n<div class=\"brz-column__items brz-css-pdvde brz-css-wgxhg\">\n<div class=\"brz-css-sgkbh brz-wrapper\">\n<div class=\"brz-rich-text brz-css-ulzgx\" data-custom-id=\"cciqumkvcoukrqtbqfdqpwpoyufreotamtjh\">\n<div>\n<h4 class=\"brz-css-shxzx\">Prof. Dr. Jos\u00e9 Peixoto Ferr\u00e3o Jr.<\/h4>\n<\/div>\n<\/div>\n<\/div>\n<div class=\"brz-css-sgkbh brz-wrapper\">\n<div class=\"brz-rich-text brz-css-ulzgx\" data-custom-id=\"orredgtpzgcbwxpzgpzeoaratunvauyopwse\">\n<div>\n<p class=\"brz-css-yhrkx\"><\/p>\n<\/div>\n<\/div>\n<\/div>\n<\/div>\n<\/div>\n<div class=\"brz-columns brz-css-jnrpk brz-css-qdlqy\" data-custom-id=\"qlstlliisljkeptixodbqnbzctwopeegurhl\">\n<div class=\"brz-column__items brz-css-pdvde brz-css-zqkpt\">\n<div class=\"brz-css-sgkbh brz-wrapper\">\n<div class=\"brz-image brz-css-ocodb brz-css-taval\"><img decoding=\"async\" class=\"brz-img brz-img-svg\" src=\"https:\/\/aboms.org.br\/portal\/wp-content\/uploads\/2021\/04\/icon-quality.svg\" alt=\"\" loading=\"lazy\" \/><\/div>\n<\/div>\n<\/div>\n<\/div>\n<div class=\"brz-columns brz-css-jnrpk brz-css-teozk\" data-custom-id=\"tegcwfajfrmgamgntbbwctagmxwelktqjkeu\">\n<div class=\"brz-column__items brz-css-pdvde brz-css-wcvwz\">\n<div class=\"brz-css-sgkbh brz-wrapper\">\n<div class=\"brz-rich-text brz-css-ulzgx\" data-custom-id=\"ftvwtfamayqewynbauicrnnlihxmpcggfiwj\">\n<div>\n<h4 class=\"brz-css-dvlan\"><span class=\"brz-cp-color2\">Prof. Me. Alan Augusto Kalife Coelho<\/span><\/h4>\n<\/div>\n<\/div>\n<\/div>\n<div class=\"brz-css-sgkbh brz-wrapper\">\n<div class=\"brz-rich-text brz-css-ulzgx\" data-custom-id=\"egvcmbdsuwhhtqoqwbdmkmjxcbzvzjuvqzhy\">\n<div>\n<p class=\"brz-css-qhwty\"><\/p>\n<\/div>\n<\/div>\n<\/div>\n<\/div>\n<\/div>\n<\/div>\n<\/div>\n<\/div>\n<\/div>\n<\/section>\n<section data-uid=\"wzcwsadmhczkbaxuuwdwphxckadgibrsoqbl\" id=\"wzcwsadmhczkbaxuuwdwphxckadgibrsoqbl\" class=\"brz-section brz-css-tuvbp\">\n<div class=\"brz-section__content brz-section--boxed brz-css-voqaa brz-css-usgoz\" data-custom-id=\"ekaoeuqqwdhyexfqupjazipbvwoqwldhgyci\">\n<div class=\"brz-bg\">\n<div class=\"brz-bg-color\"><\/div>\n<\/div>\n<div class=\"brz-container brz-css-ztgro brz-css-ufjbk\">\n<div class=\"brz-css-sgkbh brz-css-vwitn brz-wrapper\">\n<div class=\"brz-rich-text brz-css-ulzgx\" data-custom-id=\"eioppuyapkglxiexqrcuhmrenwotjzxxfdcn\">\n<div>\n<h3 class=\"brz-css-ymonu\"><span class=\"brz-cp-color3\" style=\"background-color:transparent\">FALE CONOSCO<\/span><\/h3>\n<\/div>\n<\/div>\n<\/div>\n<div class=\"brz-css-sgkbh brz-wrapper\">\n<div class=\"brz-rich-text brz-css-ulzgx\" data-custom-id=\"nodhpsgiizkkoqmfdptdthuexoauhudztzis\">\n<div>\n<h2 class=\"brz-css-paviu\"><span class=\"brz-cp-color8\">Inscreva-se<\/span><\/h2>\n<\/div>\n<\/div>\n<\/div>\n<div class=\"brz-css-sgkbh brz-css-jxvlv brz-css-okmuk brz-wrapper\">\n<div class=\"brz-spacer brz-css-peqgh brz-css-wwexv\"><\/div>\n<\/div>\n<div class=\"brz-css-sgkbh brz-wrapper\">\n<div data-form-version=\"2\" class=\"brz-forms2 brz-css-bfeww brz-css-wabti\" data-custom-id=\"skhchyshizwdumrzvljufjhupydxtgouibgh\">\n<div class=\"brz-forms2__item brz-css-tbbhj brz-css-eqrvt brz-css-ploaf brz-css-vnvdq\"><\/div>\n<div class=\"brz-forms2__item brz-css-tbbhj brz-css-eqrvt brz-css-ploaf brz-css-qqryl\"><\/div>\n<div class=\"brz-forms2__item brz-css-tbbhj brz-css-eqrvt brz-css-ploaf\">\n<div class=\"brz-forms2__field brz-forms2__field-select brz-css-bqpqn brz-css-weznu\">Plano de Pagamento18 Meses de R$ 1.300,0024 Meses de R$ 1.000,00<\/div>\n<\/div>\n<div class=\"brz-forms2__item brz-css-tbbhj brz-css-eqrvt brz-css-ploaf\"><\/div>\n<div class=\"brz-forms2 brz-forms2__item brz-forms2__item-button\"><button class=\"brz-btn brz-btn-submit brz-css-hbcog brz-css-eqfsd\" data-custom-id=\"ffzfnkashjwpicikqpbmybbhloboovdkymvx\"> <span class=\"brz-span brz-text__editor\">ENVIAR<\/span><\/button>    !function(){function t(t){this.element=t,this.animationId,this.start=null,this.init()}if(!window.requestAnimationFrame){var i=null;window.requestAnimationFrame=function(t,n){var e=(new Date).getTime();i||(i=e);var a=Math.max(0,16-(e-i)),o=window.setTimeout(function(){t(e+a)},a);return i=e+a,o}}t.prototype.init=function(){var t=this;this.animationId=window.requestAnimationFrame(t.triggerAnimation.bind(t))},t.prototype.reset=function(){var t=this;window.cancelAnimationFrame(t.animationId)},t.prototype.triggerAnimation=function(t){var i=this;this.start||(this.start=t);var n=t-this.start;504&gt;n||(this.start=this.start+504),this.element.setAttribute(&#8220;transform&#8221;,&#8221;rotate(&#8220;+Math.min(n\/1.4,360)+&#8221; 12 12)&#8221;);if(document.documentElement.contains(this.element))window.requestAnimationFrame(i.triggerAnimation.bind(i))};var n=document.getElementsByClassName(&#8220;nc-loop_circle-02-24&#8221;),e=[];if(n)for(var a=0;n.length&gt;a;a++)!function(i){e.push(new t(n[i]))}(a);document.addEventListener(&#8220;visibilitychange&#8221;,function(){&#8220;hidden&#8221;==document.visibilityState?e.forEach(function(t){t.reset()}):e.forEach(function(t){t.init()})})}();<\/div>\n<\/div>\n<\/div>\n<\/div>\n<\/div>\n<\/section>\n<\/div>\n<p><!-- version:1645875495 --><\/p>\n","protected":false},"excerpt":{"rendered":"<p>Conclua a sua p\u00f3s gradua\u00e7\u00e3o em 18 meses! Certifica\u00e7\u00e3o Lato Sensu Reconhecida MEC &amp; CFO N\u00c3O PERCA ESTA OPORTUNIDADE Inscreva-se Agora! Comece a Sua P\u00f3s !function(){function t(t){this.element=t,this.animationId,this.start=null,this.init()}if(!window.requestAnimationFrame){var i=null;window.requestAnimationFrame=function(t,n){var e=(new Date).getTime();i||(i=e);var a=Math.max(0,16-(e-i)),o=window.setTimeout(function(){t(e+a)},a);return i=e+a,o}}t.prototype.init=function(){var t=this;this.animationId=window.requestAnimationFrame(t.triggerAnimation.bind(t))},t.prototype.reset=function(){var t=this;window.cancelAnimationFrame(t.animationId)},t.prototype.triggerAnimation=function(t){var i=this;this.start||(this.start=t);var n=t-this.start;504&gt;n||(this.start=this.start+504),this.element.setAttribute(&#8220;transform&#8221;,&#8221;rotate(&#8220;+Math.min(n\/1.4,360)+&#8221; 12 12)&#8221;);if(document.documentElement.contains(this.element))window.requestAnimationFrame(i.triggerAnimation.bind(i))};var n=document.getElementsByClassName(&#8220;nc-loop_circle-02-24&#8221;),e=[];if(n)for(var a=0;n.length&gt;a;a++)!function(i){e.push(new t(n[i]))}(a);document.addEventListener(&#8220;visibilitychange&#8221;,function(){&#8220;hidden&#8221;==document.visibilityState?e.forEach(function(t){t.reset()}):e.forEach(function(t){t.init()})})}(); * N\u00e3o compartilhamos suas informa\u00e7\u00f5es pessoais com ningu\u00e9m. Confira nossa Pol\u00edtica de Privacidade para [&hellip;]<\/p>\n","protected":false},"author":1,"featured_media":0,"parent":0,"menu_order":0,"comment_status":"closed","ping_status":"closed","template":"","meta":{"_monsterinsights_skip_tracking":false,"_monsterinsights_sitenote_active":false,"_monsterinsights_sitenote_note":"","_monsterinsights_sitenote_category":0,"_joinchat":[],"footnotes":""},"class_list":["post-52186","page","type-page","status-publish","hentry"],"blocksy_meta":{"styles_descriptor":{"styles":{"desktop":"","tablet":"","mobile":""},"google_fonts":[],"version":6}},"aioseo_notices":[],"_links":{"self":[{"href":"https:\/\/aboms.org.br\/portal\/wp-json\/wp\/v2\/pages\/52186","targetHints":{"allow":["GET"]}}],"collection":[{"href":"https:\/\/aboms.org.br\/portal\/wp-json\/wp\/v2\/pages"}],"about":[{"href":"https:\/\/aboms.org.br\/portal\/wp-json\/wp\/v2\/types\/page"}],"author":[{"embeddable":true,"href":"https:\/\/aboms.org.br\/portal\/wp-json\/wp\/v2\/users\/1"}],"replies":[{"embeddable":true,"href":"https:\/\/aboms.org.br\/portal\/wp-json\/wp\/v2\/comments?post=52186"}],"version-history":[{"count":19,"href":"https:\/\/aboms.org.br\/portal\/wp-json\/wp\/v2\/pages\/52186\/revisions"}],"predecessor-version":[{"id":52433,"href":"https:\/\/aboms.org.br\/portal\/wp-json\/wp\/v2\/pages\/52186\/revisions\/52433"}],"wp:attachment":[{"href":"https:\/\/aboms.org.br\/portal\/wp-json\/wp\/v2\/media?parent=52186"}],"curies":[{"name":"wp","href":"https:\/\/api.w.org\/{rel}","templated":true}]}}